96?
8
What is the highest common divisor of 120 and 29080?
40
What is the highest common factor of 28 and 980?
28
Calculate the greatest common factor of 1417 and 65.
13
What is the highest common factor of 364 and 434?
14
What is the highest common divisor of 192 and 1056?
96
Calculate the highest common factor of 2024 and 198.
22
Calculate the greatest common divisor of 320 and 20.
20
What is the greatest common divisor of 308 and 11242?
154
What is the greatest common divisor of 160 and 10?
10
What is the greatest common divisor of 256 and 48?
16
Calculate the highest common factor of 231 and 84.
21
What is the highest common factor of 63 and 84?
21
What is the highest common factor of 901 and 306?
17
Calculate the greatest common factor of 28 and 140.
28
What is the greatest common divisor of 2352 and 1392?
48
What is the greatest common divisor of 54 and 30?
6
Calculate the highest common divisor of 175 and 245.
35
What is the greatest common divisor of 169 and 26?
13
What is the highest common factor of 22 and 341?
11
What is the highest common factor of 175 and 1575?
175
Calculate the greatest common factor of 366 and 915.
183
Calculate the greatest common divisor of 2780 and 8062.
278
Calculate the highest common divisor of 200 and 248.
8
Calculate the highest common factor of 6 and 222.
6
What is the highest common divisor of 644 and 49?
7
What is the highest common divisor of 272 and 119?
17
What is the highest common factor of 9 and 213?
3
What is the greatest common factor of 5782 and 590?
118
Calculate the highest common divisor of 7644 and 28.
28
Calculate the highest common divisor of 3360 and 84.
84
Calculate the highest common divisor of 2088 and 72.
72
Calculate the highest common factor of 318 and 424.
106
What is the highest common divisor of 156 and 1992?
12
Calculate the highest common divisor of 198 and 902.
22
What is the highest common factor of 115 and 46?
23
What is the greatest common divisor of 55 and 121?
11
What is the highest common factor of 14 and 5446?
14
What is the greatest common factor of 1569 and 3?
3
What is the greatest common factor of 2185 and 95?
95
Calculate the highest common factor of 1140 and 3268.
76
Calculate the greatest common factor of 30 and 18.
6
Calculate the highest common divisor of 4328 and 40.
8
Calculate the highest common divisor of 42 and 24.
6
Calculate the highest common factor of 444 and 100.
4
What is the greatest common divisor of 1342 and 110?
22
Calculate the greatest common divisor of 1820 and 700.
140
Calculate the greatest common divisor of 189 and 228.
3
What is the greatest common divisor of 6966 and 1458?
162
What is the highest common factor of 18 and 225?
9
What is the greatest common factor of 129 and 27?
3
Calculate the greatest common factor of 40 and 272.
8
What is the highest common divisor of 32 and 25?
1
Calculate the greatest common divisor of 20638 and 34.
34
Calculate the greatest common divisor of 1073 and 87.
29
What is the highest common factor of 15 and 1965?
15
Calculate the highest common divisor of 166 and 38.
2
What is the greatest common factor of 6119 and 58?
29
Calculate the greatest common factor of 423 and 564.
141
What is the highest common divisor of 4 and 32?
4
What is the greatest common factor of 3895 and 285?
95
Calculate the highest common factor of 27264 and 213.
213
Calculate the greatest common divisor of 91 and 39.
13
What is the highest common divisor of 358 and 22?
2
Calculate the highest common divisor of 128 and 488.
8
What is the greatest common factor of 570 and 42?
6
What is the highest common factor of 90 and 3195?
45
What is the highest common factor of 1802 and 51?
17
Calculate the highest common factor of 25 and 430.
5
Calculate the highest common divisor of 70 and 1890.
70
Calculate the greatest common factor of 102 and 187.
17
Calculate the greatest common factor of 138 and 2346.
138
Calculate the greatest common divisor of 16 and 10576.
16
Calculate the highest common divisor of 10 and 130.
10
Calculate the highest common divisor of 8549 and 103.
103
What is the greatest common factor of 3 and 33?
3
Calculate the greatest common divisor of 1477 and 7.
7
Calculate the greatest common divisor of 2280 and 76.
76
Calculate the greatest common factor of 34 and 187.
17
What is the highest common divisor of 142 and 639?
71
What is the highest common factor of 182 and 21?
7
What is the greatest common factor of 98 and 13622?
98
Calculate the highest common divisor of 4 and 20.
4
Calculate the highest common factor of 87 and 145.
29
What is the greatest common factor of 8163 and 54?
9
What is the highest common divisor of 23 and 1817?
23
Calculate the greatest common factor of 148 and 7955.
37
Calculate the greatest common divisor of 10425 and 278.
139
Calculate the greatest common divisor of 176 and 11.
11
What is the greatest common factor of 67743 and 39?
39
Calculate the greatest common factor of 697 and 164.
41
What is the greatest common divisor of 37 and 629?
37
Calculate the highest common divisor of 63 and 90.
9
Calculate the greatest common factor of 5 and 605.
5
Calculate the greatest common divisor of 410 and 15.
5
Calculate the greatest common factor of 740 and 1420.
20
Calculate the highest common factor of 228 and 9500.
76
What is the highest common factor of 40 and 584?
8
Calculate the greatest common factor of 497 and 28.
7
Calculate the greatest common divisor of 12 and 96.
12
Calculate the highest common factor of 144 and 208.
16
Calculate the highest common divisor of 71 and 2272.
71
What is the highest common divisor of 4880 and 160?
80
What is the highest common divisor of 20 and 1820?
20
Calculate the highest common factor of 2072 and 224.
56
Calculate the greatest common factor of 432 and 162.
54
Calculate the highest common divisor of 6 and 420.
6
Calculate the highest common factor of 352 and 32.
32
Calculate the highest common factor of 232 and 136.
8
What is the greatest common factor of 224 and 42?
14
What is the highest common factor of 526 and 4?
2
What is the greatest common divisor of 2242 and 118?
118
What is the greatest common divisor of 410 and 287?
41
What is the highest common divisor of 153 and 4981?
17
Calculate the greatest common factor of 1764 and 224.
28
What is the greatest common factor of 69 and 34707?
69
Calculate the greatest common divisor of 1444 and 3724.
76
Calculate the highest common divisor of 1615 and 170.
85
What is the greatest common divisor of 36027 and 9?
9
What is the highest common divisor of 203 and 29?
29
What is the highest common divisor of 2703 and 357?
51
What is the greatest common factor of 150 and 96?
6
Calculate the greatest common divisor of 17 and 3961.
17
Calculate the highest common divisor of 34 and 3638.
34
What is the highest common divisor of 390 and 120?
30
Calculate the greatest common divisor of 1085 and 35.
35
Calculate the highest common factor of 48 and 15.
3
What is the highest common divisor of 219 and 54?
3
What is the greatest common divisor of 96 and 4656?
48
What is the greatest common factor of 69 and 23?
23
Calculate the greatest common divisor of 316 and 4.
4
Calculate the greatest common divisor of 7 and 7203.
7
Calculate the greatest common factor of 315 and 1295.
35
What is the highest common factor of 52 and 39052?
52
What is the highest common divisor of 285 and 165?
15
What is the highest common divisor of 424 and 16?
8
What is the greatest common divisor of 826 and 28?
14
What is the highest common divisor of 42 and 10948?
14
What is the highest common factor of 117664 and 32?
32
Calculate the greatest common divisor of 112 and 24.
8
What is the greatest common factor of 6070 and 30?
10
Calculate the highest common factor of 33 and 6.
3
Calculate the highest common factor of 6430 and 10.
10
Calculate the highest common divisor of 27 and 297.
27
What is the highest common divisor of 2 and 14078?
2
What is the greatest common factor of 867 and 357?
51
Calculate the greatest common divisor of 2072 and 7511.
259
Calculate the greatest common divisor of 952 and 289.
17
What is the highest common divisor of 76 and 266?
38
What is the greatest common divisor of 572 and 88?
44
What is the highest common factor of 22 and 352?
22